eatest common factor of 7872 and 78237840?
1968
Calculate the highest common divisor of 8586220 and 20.
20
Calculate the greatest common factor of 144987 and 7935310.
1559
What is the highest common divisor of 53218032 and 137676?
12516
Calculate the greatest common divisor of 730 and 2775460.
730
Calculate the highest common divisor of 47586 and 121599534.
4326
Calculate the highest common factor of 2503603 and 768003.
4339
What is the greatest common factor of 7370 and 299329602?
1474
Calculate the greatest common divisor of 926 and 10584643.
463
Calculate the greatest common factor of 253770 and 550.
110
What is the greatest common divisor of 216 and 52389936?
216
What is the highest common divisor of 14348698 and 33306?
182
What is the highest common factor of 21840 and 436293?
39
What is the highest common divisor of 216 and 195004476?
108
Calculate the greatest common divisor of 2512 and 1362446.
314
Calculate the greatest common divisor of 1170 and 212830.
10
Calculate the highest common divisor of 110977 and 14.
1
What is the greatest common factor of 326 and 1036843?
163
Calculate the highest common factor of 6353063 and 72209.
443
Calculate the greatest common factor of 59570 and 33530.
70
What is the greatest common divisor of 2568 and 1279506?
642
What is the greatest common divisor of 14104475 and 3?
1
Calculate the greatest common divisor of 202 and 192739714.
202
Calculate the highest common factor of 160670 and 2130.
10
What is the greatest common divisor of 103 and 4949680?
1
What is the highest common factor of 49 and 10975860?
7
Calculate the greatest common factor of 357435 and 44040.
15
What is the greatest common factor of 6399804 and 12?
12
What is the highest common factor of 38906 and 123070?
794
Calculate the greatest common divisor of 1548984 and 129548.
932
Calculate the highest common divisor of 752 and 43696.
16
What is the highest common divisor of 1647 and 390123?
27
What is the highest common factor of 849129 and 228?
57
Calculate the greatest common divisor of 921 and 423420540.
921
What is the highest common divisor of 1150 and 161140300?
1150
What is the highest common divisor of 27903912 and 18?
6
Calculate the highest common divisor of 330096053 and 2339.
2339
Calculate the highest common factor of 318 and 38456906.
106
What is the highest common factor of 19147 and 10353857?
467
What is the highest common divisor of 238 and 261185722?
238
Calculate the greatest common divisor of 111994797 and 1311.
1311
Calculate the greatest common factor of 247 and 1097805579.
247
What is the highest common factor of 88079643 and 25901?
439
What is the highest common factor of 464880 and 294411?
39
Calculate the highest common factor of 457919406 and 441.
441
What is the highest common factor of 98705537 and 1?
1
Calculate the greatest common factor of 1678384 and 7600.
304
What is the greatest common factor of 12478 and 30838?
34
Calculate the greatest common factor of 64604 and 137023.
521
What is the highest common divisor of 79579735 and 32139?
3571
Calculate the highest common divisor of 1080 and 442454490.
90
What is the highest common factor of 186168 and 6408?
24
Calculate the greatest common divisor of 23263790 and 6270.
2090
Calculate the highest common divisor of 20532 and 679326.
354
What is the highest common divisor of 6198120 and 84888?
648
What is the greatest common divisor of 36254367 and 9?
9
What is the greatest common divisor of 66385 and 1135090?
935
What is the highest common factor of 807993 and 5814?
153
Calculate the highest common divisor of 496 and 2547208.
248
Calculate the greatest common factor of 115080 and 49672364.
3836
What is the highest common divisor of 80432 and 146388?
44
What is the highest common factor of 1386 and 197582?
154
What is the highest common factor of 15896430 and 54?
18
What is the highest common factor of 8083 and 30898021?
137
What is the greatest common divisor of 27924 and 320714121?
6981
Calculate the greatest common divisor of 478510 and 120286.
878
What is the greatest common factor of 18669 and 1519?
49
Calculate the highest common factor of 747 and 40500.
9
Calculate the greatest common factor of 5895 and 351630.
45
Calculate the highest common factor of 110 and 25146460.
10
What is the highest common factor of 3480798357 and 1978?
989
Calculate the greatest common factor of 6669 and 512348148.
2223
What is the greatest common divisor of 769745 and 685?
5
What is the highest common factor of 3542 and 1805419?
77
Calculate the highest common divisor of 7534634 and 1390.
278
Calculate the greatest common divisor of 15 and 1109544.
3
Calculate the greatest common factor of 7772003 and 163.
163
Calculate the highest common divisor of 63339 and 2926851.
1473
Calculate the greatest common factor of 88907 and 28847.
91
What is the highest common divisor of 40482 and 1272934?
4498
Calculate the highest common factor of 212435760 and 4920.
4920
What is the greatest common divisor of 221032245 and 315?
105
What is the highest common divisor of 2948736 and 1904?
112
Calculate the greatest common divisor of 20653399 and 247.
247
What is the highest common factor of 1422590 and 6707?
353
Calculate the greatest common factor of 1036332 and 3096.
36
What is the highest common factor of 182 and 968838?
26
Calculate the highest common factor of 25384 and 74.
2
What is the greatest common divisor of 128687 and 9893?
13
Calculate the highest common factor of 353874 and 192.
6
Calculate the highest common factor of 708187 and 209.
19
What is the greatest common factor of 286717 and 16789?
163
What is the highest common factor of 33984 and 17301312?
576
What is the greatest common factor of 53 and 733328087?
53
What is the highest common divisor of 1134395 and 380?
95
Calculate the highest common factor of 15 and 33209490.
15
What is the highest common factor of 3311 and 63411971?
301
Calculate the greatest common factor of 306 and 58647807.
153
What is the greatest common factor of 33 and 15483710?
11
Calculate the highest common factor of 15479 and 76429.
23
Calculate the highest common factor of 12387408 and 279444.
3828
What is the highest common factor of 3775865 and 185?
5
Calculate the highest common factor of 22606 and 72446.
178
What is the greatest common factor of 486 and 23312934?
486
Calculate the greatest common factor of 278 and 6144.
2
Calculate the highest common divisor of 38655673 and 581.
581
What is the highest common factor of 63116 and 42179812?
2036
What is the highest common divisor of 15357 and 88983577?
5119
Calculate the greatest common factor of 58735410 and 290.
10
What is the highest common divisor of 195 and 5265690?
15
What is the highest common factor of 5301 and 368908959?
1767
Calculate the highest common factor of 20314 and 17962.
14
What is the highest common divisor of 12293 and 715331?
19
Calculate the highest common divisor of 441 and 2479968.
9
Calculate the greatest common factor of 264 and 1979628.
12
Calculate the greatest common divisor of 20 and 25008860.
20
What is the highest common factor of 273 and 223227641?
91
What is the greatest common divisor of 13944 and 24737984?
664
What is the greatest common divisor of 61962 and 36708?
138
What is the greatest common divisor of 3060 and 5451900?
1020
Calculate the highest common factor of 2478 and 3549.
21
Calculate the greatest common divisor of 23251229 and 15755.
3151
What is the highest common factor of 534066 and 10209?
123
Calculate the highest common factor of 5385195 and 339.
3
Calculate the highest common factor of 67 and 1300269.
67
Calculate the highest common factor of 798 and 892254706.
266
What is the greatest common divisor of 2757432 and 432?
24
Calculate the greatest common factor of 27 and 48020811.
3
Calculate the greatest common factor of 50968344 and 29820.
5964
What is the greatest common factor of 33887994 and 147?
21
What is the greatest common factor of 8205290 and 116196?
842
Calculate the greatest common divisor of 9765 and 3943045.
155
Calculate the greatest common divisor of 79346 and 37636.
194
What is the greatest common divisor of 234243514 and 95?
19
What is the highest common divisor of 734 and 98562988?
734
What is the highest common factor of 2